 t**2 - 4*t - 17. Let b be v(17). Suppose -g + b = -685. Is g a prime number?
False
Let d = 155315 - -36284. Is d a composite number?
False
Suppose 29*u - 25*u - 8 = 0. Suppose -7*b + u*b = -7335. Let t = -509 + b. Is t composite?
True
Let h = 171 - 249. Let s be (2 - -1)*h/18. Let f(o) = 2*o**2 + 26*o + 9. Is f(s) composite?
True
Let l be 42*(-3 - 7/(-2)). Suppose 9*n + 3 - l = 0. Suppose 0 = -9*d - n*d + 15257. Is d a composite number?
True
Let r = 356 + 70. Let x = r - -761. Is x a composite number?
False
Let t(n) = -407*n**2 - 10*n + 9. Let m be t(1). Is (6/(-4))/((m/(-101392))/(-17)) composite?
False
Let f be 9/(27/(-294)) + 7. Let m = 314 + f. Is m composite?
False
Suppose -10*t + 23 = 3. Suppose 0 = 5*f + 25, -12*d = -15*d - t*f + 4952. Is d prime?
False
Let d be (-1 - -2)*-6 + 4. Is (-1 - d)*22*4168/16 a composite number?
True
Suppose -5*z + 440365 = 4*n, -26*z + 3*n + 176123 = -24*z. Is z composite?
False
Let m = -66 - -70. Suppose 0 = -m*h - 4*c - 1119 + 12183, 13840 = 5*h - 5*c. Is h composite?
False
Suppose 5077550 = 4*h - 3*x, -2*h = -5*x - 3072950 + 534182. Is h a composite number?
True
Let a = 214482 - 148951. Is a a composite number?
True
Suppose -4*d = -t - 1323, d - 2*t - 337 = -3*t. Let r(z) = -22*z**3 - z**2 - 2*z + 2. Let k be r(2). Let l = d - k. Is l a prime number?
False
Let r be 13/(520/(-16))*10. Is (6/9)/(r/(-12378)) composite?
False
Let l(h) = h**3 - 20*h**2 - 58*h - 65. Let w be l(28). Let p = 8970 - w. Is p prime?
False
Suppose -12 = -2*v + y, 2*v - v + 3*y + 8 = 0. Let b(i) = 247*i + 19. Is b(v) composite?
True
Is (1729120/112 - 0) + -1*(-6)/14 a composite number?
False
Let f(j) be the second derivative of -14*j - 55/3*j**3 + 13/2*j**2 - 1. Is f(-6) composite?
False
Let h = -7769 - -11571. Is h prime?
False
Let p(l) = 337*l + 20 + 34 + 53 + 594*l. Is p(14) a prime number?
False
Suppose -12*n + 11*n - 18766 = 0. Let k = 7284 + n. Let v = k - -19539. Is v composite?
True
Let t(d) = -777*d - 32. Let u be t(-16). Suppose 34*r - u = 12930. Is r prime?
False
Let v(w) = w**3 + 23*w**2 - w - 12. Let c be v(-23). Suppose 5*n + c - 1 = 0, 0 = 4*l - 4*n - 2884. Let j = -392 + l. Is j prime?
False
Suppose -3*s - 319895 = -k, -51*k = -54*k - 2*s + 959641. Is k a composite number?
False
Let q(o) = 641*o - 1131. Is q(34) composite?
False
Suppose 4*s = f + 19036, -2193 = -s - 4*f + 2566. Is s/4 - (-153)/(-204) a composite number?
True
Let r(j) = -j - 4. Let q be r(-5). Let x be 1/(q*3/3849). Suppose 2*h = 155 + x. Is h a prime number?
True
Suppose -4*x + 643862 + 3547319 = -5243727. Is x a composite number?
True
Let f be 3/(-9) - ((-2102)/5)/((-6)/10). Suppose -o - p = 4*p - 2026, 2*p = 4*o - 8016. Let n = o - f. Is n prime?
True
Let i(n) = n - 7 + 6 + 9. Let s be i(-5). Is -1 + s/9 + (-1855)/(-15) a composite number?
True
Let s = -31 + 30. Let c(l) = -5*l**3 + 2*l + 2. Let x be c(s). Suppose n = -5*u + 2 + 6, x*n = 4*u + 127. Is n prime?
True
Let d(u) = 68*u - 59. Suppose -3 = -2*w + 7. Suppose -y = c - 13, -w*c - 4*y = 21 - 87. Is d(c) a prime number?
False
Let h(f) = f**3 + 7*f**2 - 20*f - 12. Let y be h(-9). Suppose -4*m = y*p - 9806, m + 7*p = 3*p + 2439. Is m composite?
False
Suppose 76 = 2*m - 4*z, 10*m = 5*m - 2*z + 142. Suppose -4*y = -52 - 8. Suppose 11895 - m = y*x. Is x composite?
True
Let d(u) = u**2 - 3*u + 5. Let m be d(2). Suppose -5*z - 3*q + 8901 = 0, -m*q = -4*z - 6*q + 7122. Is z composite?
True
Let n be (-2)/(2 + (-288)/140). Let r = n - 35. Suppose 4*l = -g + 2*l + 101, -4*g + l + 386 = r. Is g composite?
False
Suppose 2*v + 0*v = -2*o + 8, 3*v = o + 12. Suppose -4*k + 5*h + 422 = 0, o*k + h - 513 = -5*k. Is k composite?
False
Let u = 152052 - -62827. Is u a prime number?
False
Suppose 5*n + 4*q = 176530, 4*q - q + 15 = 0. Suppose -3*z = -3*i - 2047 + 23215, 5*i + z = n. Is i a composite number?
True
Let v(i) = 18*i**3 + 4*i**2 - 8*i + 1. Suppose -2*y - 4*y + 18 = 0. Is v(y) a composite number?
False
Is -351113*(378/98 - 4) composite?
False
Is (4 - (-22 + 7)) + 53550 a prime number?
True
Suppose -44369 + 8559 = -2*k. Is k composite?
True
Let h(d) = -2*d**2 - d + 9. Let k be h(0). Let a be ((-51)/9 + 1)/((-6)/k). Suppose 1055 = 8*b - a*b. Is b a composite number?
True
Let y(d) = -2*d**3 - 16*d**2 + 13*d + 22. Let l(s) = -6*s + 113. Let x be l(21). Is y(x) a prime number?
True
Let h(n) = 52*n**2 + 126*n - 1239. Is h(26) prime?
True
Suppose 19*g = 28*g + 72. Is ((-4)/g)/(9/107658) composite?
False
Let c(u) be the first derivative of 55*u**3/3 - 11*u**2/2 - 12*u + 43. Let a be c(-6). Let i = 6527 - a. Is i prime?
True
Suppose -11*b = -8*b - 6. Suppose -4*d + b*r - 838 = 0, -13*r + 17*r = -5*d - 1054. Let j = d + 461. Is j composite?
False
Let w = -1170642 + 2363129. Is w composite?
True
Suppose -7*w - 2*v = -4*w - 34885, -3*v - 3 = 0. Is w composite?
True
Let i(x) = x**3 - 59 + 798 - 4*x**2 + 2*x**2. Suppose 0 = 2*j + 5*j + 3*j. Is i(j) prime?
True
Let p(a) = -a**3 + 9*a**2 + 26*a - 12. Let x be p(11). Suppose x*q - 7*q - 1406225 = 0. Is q prime?
True
Let m(s) = 6366*s**3 - 3*s**2 + s - 7. Is m(3) composite?
False
Let m be 949/(-5) + (-2)/10. Let q be 2 - 1 - m/2. Let n = q + -38. Is n composite?
True
Let r(i) = 1402*i**3 - 2*i**2 - 5*i + 5. Let s be r(3). Suppose -224420 = -6*m - s. Is m a prime number?
False
Suppose -4*v = -7*z + 2*z - 8157, 5*v + z = 10160. Let i = -1074 + v. Is i composite?
True
Let p = -23302 - -45774. Suppose 61*x = 53*x + p. Is x a composite number?
True
Let z = 568 - 443. Let p = 140 - z. Is p composite?
True
Is (-3626808)/6*8/(-32) prime?
False
Is -2 + -3 - (0 - 392340) a prime number?
False
Let f = 43563 - 16852. Is f composite?
False
Let t(j) be the third derivative of j**5/12 - j**4/12 + 877*j**3/6 + j**2. Let p be (-42)/(-18) - (-49)/(-21). Is t(p) prime?
True
Let t be (-8)/((-32)/(-3))*-4. Suppose -2*y - 38277 = -t*y - 5*d, 20 = -5*d. Is y composite?
True
Let c be -89 - -95 - (-40843 + (0 - -1)). Suppose 2*x = 4*g - c, -9*g - 10215 = -10*g + 2*x. Is g a prime number?
True
Let m = -146 + 143. Let q(c) = -181*c**3 - 5*c**2 - 4*c + 5. Is q(m) a composite number?
True
Let u = 276182 - 52629. Is u composite?
True
Let p be 44604/(-10) + (-18)/30. Let c = p - -6480. Is c a prime number?
False
Suppose -4*k + 24 + 3 = 5*w, 3*k = 9. Suppose w*l + 412 = o, -3*o - 407 = -4*o + 4*l. Is o prime?
False
Let j = -3635 + 3633. Let u(x) be the first derivative of -249*x**2/2 - 5*x + 2. Is u(j) a composite number?
True
Suppose 4*t - 2858 - 2418 = 0. Let x = t + -728. Suppose 0 = -5*n - 1 + x. Is n a composite number?
True
Suppose -2*u = 4*v + 2*u + 3636, -5*v - 2*u - 4530 = 0. Let g = v + 5751. Is g composite?
True
Let p be 2 + -1 + 3/(30/1760). Let q = p + 470. Is q composite?
False
Let m = -252 + 161. Is (78382/7)/2 - 26/m a composite number?
True
Let s = 10868 + -5151. Let r(b) = 20*b + 1567. Let j be r(-78). Suppose -w + 4*h = -1911, s = 3*w - j*h + 3*h. Is w a composite number?
True
Let q(n) = 779*n**2 - 25*n + 433. Is q(20) a prime number?
True
Let v = -355 - -362. Suppose -v*y = -9994 + 1223. Is y a prime number?
False
Is 2029599/15 + -6 + 64/10 composite?
True
Suppose 3*f - 2*c - 165343 = 0, 220*f = 219*f - 4*c + 55091. Is f a composite number?
True
Suppose -261*h + 1142193 = -257*h + p, -h + 5*p + 285522 = 0. Is h prime?
False
Let m(b) = 16*b + 1 + 4 + 7*b**2 - 6*b**2 - 11*b. Let z be m(-2). Let c(w) = -558*w**3 - 2*w**2 - w. Is c(z) prime?
True
Let g(t) = -1342*t + 16. Let q(w) = w - 1. Let l(s) = g(s) + 2*q(s). Let m be l(-3). Is m*((-28)/(-8))/7 a composite number?
False
Suppose 5*v = 0, 5*t = 2*t + v + 3. Suppose 22 = 3*k - 5*a, -2*k + t = -3*a - 13. Suppose 0 = o + o + 6, -4*o = k*w - 1516. Is w composite?
True
Suppose -2*t - 2*v - 3*v = -65, -5*v - 215 = -5*t. Is 22*5212/t + (-4)/(-10) composite?
True
Suppose -4*u - 642 - 13314 = 0. Let n = 6146 + u. Is n composite?
False
Let i = 189 + -122. Suppose -i = -q + 12. Is q prime?
True
Let u = 62 - 60. Suppose -5*a - 2*j = -3153, -a - a = -u*j - 1264. Is a composite?
False
Let v(s) = 6*s + 5. Let a(g) = -g + 1. Let w(b) = -5*a(b) - v(b). Let u be w(-4). Is ((-4828)/u)/(2/3) a composite number?
True
Let j(h) = 9965*h**2 + 56*h - 113. Is j(2) a prime number?
False
Let z = -102824 - -249015. Is z a prime number?
True
Let y(w) = 139*w + 158